
What is the units digit of 3237?
7
What is the hundreds digit of 2868?
8
What is the ten thousands digit of 10951?
1
What is the hundreds digit of 4414?
4
What is the hundreds digit of 117?
1
What is the thousands digit of 7183?
7
What is the thousands digit of 69909?
9
What is the thousands digit of 8796?
8
What is the tens digit of 4636?
3
What is the ten thousands digit of 25615?
2
What is the units digit of 1084?
4
What is the units digit of 8115?
5
What is the hundreds digit of 5246?
2
What is the hundreds digit of 572?
5
What is the hundreds digit of 13381?
3
What is the units digit of 367?
7
What is the ten thousands digit of 81697?
8
What is the tens digit of 51?
5
What is the thousands digit of 24213?
4
What is the hundreds digit of 2034?
0
What is the tens digit of 7172?
7
What is the thousands digit of 1825?
1
What is the thousands digit of 11785?
1
What is the hundreds digit of 1998?
9
What is the hundreds digit of 1554?
5
What is the hundreds digit of 78551?
5
What is the ten thousands digit of 67329?
6
What is the ten thousands digit of 36414?
3
What is the hundreds digit of 1971?
9
What is the hundreds digit of 1822?
8
What is the units digit of 729?
9
What is the tens digit of 69430?
3
What is the hundreds digit of 6855?
8
What is the thousands digit of 46449?
6
What is the hundreds digit of 2298?
2
What is the tens digit of 1368?
6
What is the tens digit of 51984?
8
What is the tens digit of 339?
3
What is the hundreds digit of 22407?
4
What is the tens digit of 56513?
1
What is the thousands digit of 22453?
2
What is the thousands digit of 2683?
2
What is the thousands digit of 6117?
6
What is the units digit of 20905?
5
What is the ten thousands digit of 26117?
2
What is the hundreds digit of 39377?
3
What is the thousands digit of 29025?
9
What is the tens digit of 906?
0
What is the hundreds digit of 11575?
5
What is the thousands digit of 5751?
5
What is the units digit of 18651?
1
What is the hundreds digit of 4099?
0
What is the hundreds digit of 2045?
0
What is the hundreds digit of 4686?
6
What is the ten thousands digit of 14576?
1
What is the hundreds digit of 57472?
4
What is the hundreds digit of 3328?
3
What is the tens digit of 824?
2
What is the ten thousands digit of 139135?
3
What is the tens digit of 570?
7
What is the ten thousands digit of 14448?
1
What is the tens digit of 241?
4
What is the tens digit of 753?
5
What is the units digit of 2070?
0
What is the units digit of 769?
9
What is the units digit of 77287?
7
What is the units digit of 28358?
8
What is the units digit of 1772?
2
What is the tens digit of 3641?
4
What is the ten thousands digit of 60456?
6
What is the hundreds digit of 5235?
2
What is the thousands digit of 21416?
1
What is the tens digit of 20799?
9
What is the tens digit of 6132?
3
What is the ten thousands digit of 56762?
5
What is the tens digit of 790?
9
What is the thousands digit of 59994?
9
What is the tens digit of 1132?
3
What is the hundreds digit of 624?
6
What is the ten thousands digit of 122750?
2
What is the hundreds digit of 1404?
4
What is the thousands digit of 11357?
1
What is the thousands digit of 16216?
6
What is the units digit of 59022?
2
What is the tens digit of 305?
0
What is the tens digit of 10082?
8
What is the tens digit of 6564?
6
What is the tens digit of 61?
6
What is the hundreds digit of 44319?
3
What is the hundreds digit of 67897?
8
What is the thousands digit of 75020?
5
What is the hundred thousands digit of 184358?
1
What is the hundreds digit of 8700?
7
What is the hundreds digit of 1518?
5
What is the tens digit of 36671?
7
What is the units digit of 36848?
8
What is the hundreds digit of 6676?
6
What is the units digit of 7362?
2
What is the hundreds digit of 334?
3
What is the units digit of 2140?
0
What is the tens digit of 7787?
8
What is the ten thousands digit of 38039?
3
What is the ten thousands digit of 26211?
2
What is the hundreds digit of 98099?
0
What is the thousands digit of 2429?
2
What is the tens digit of 371?
7
What is the units digit of 938?
8
What is the units digit of 291?
1
What is the tens digit of 73?
7
What is the thousands digit of 2396?
2
What is the units digit of 61654?
4
What is the thousands digit of 3191?
3
What is the hundreds digit of 2872?
8
What is the units digit of 13472?
2
What is the thousands digit of 14717?
4
What is the tens digit of 13040?
4
What is the thousands digit of 7765?
7
What is the units digit of 16270?
0
What is the thousands digit of 3274?
3
What is the hundreds digit of 2658?
6
What is the hundreds digit of 1641?
6
What is the ten thousands digit of 41302?
4
What is the tens digit of 562?
6
What is the units digit of 19241?
1
What is the hundreds digit of 563?
5
What is the thousands digit of 2999?
2
What is the units digit of 616?
6
What is the tens digit of 377?
7
What is the ten thousands digit of 117481?
1
What is the hundreds digit of 820?
8
What is the thousands digit of 24567?
4
What is the tens digit of 7108?
0
What is the thousands digit of 2559?
2
What is the thousands digit of 19882?
9
What is the hundreds digit of 4931?
9
What is the units digit of 4815?
5
What is the tens digit of 656?
5
What is the units digit of 37360?
0
What is the hundreds digit of 879?
8
What is the tens digit of 23443?
4
What is the units digit of 1092?
2
What is the hundreds digit of 2343?
3
What is the thousands digit of 23450?
3
What is the units digit of 71?
1
What is the hundreds digit of 402?
4
What is the tens digit of 12351?
5
What is the hundreds digit of 443?
4
What is the units digit of 17262?
2
What is the hundreds digit of 3104?
1
What is the thousands digit of 8435?
8
What is the units digit of 10366?
6
What is the units digit of 8760?
0
What is the units digit of 57149?
9
What is the thousands digit of 1612?
1
What is the hundreds digit of 34850?
8
What is the ten thousands digit of 38248?
3
What is the thousands digit of 10727?
0
What is the tens digit of 323?
2
What is the units digit of 443?
3
What is the hundreds digit of 719?
7
What is the units digit of 53541?
1
What is the hundreds digit of 77681?
6
What is the thousands digit of 1110?
1
What is the thousands digit of 7612?
7
What is the tens digit of 31865?
6
What is the units digit of 684?
4
What is the hundreds digit of 130941?
9
What is the hundreds digit of 3408?
4
What is the tens digit of 1180?
8
What is the thousands digit of 70704?
0
What is the tens digit of 4191?
9
What is the hundreds digit of 3117?
1
What is the units digit of 1212?
2
What is the hundreds digit of 5837?
8
What is the tens digit of 19822?
2
What is the hundreds digit of 997?
9
What is the thousands digit of 10917?
0
What is the thousands digit of 1376?
1
What is the tens digit of 2288?
8
What is the units digit of 13833?
3
What is the units digit of 19074?
4
What is the thousands digit of 16549?
6
What is the units digit of 1498?
8
What is the tens digit of 2288?
8
What is the ten thousands digit of 43655?
4
What is the tens digit of 1017?
1
What is the hundreds digit of 3534?
5
What is the units digit of 4732?
2
What is the tens digit of 2005?
0
What is the tens digit of 2562?
6
What is the units digit of 79688?
8
What is the tens digit of 5906?
0
What is the tens digit of 828?
2
What is the thousands digit of 42925?
2
What is the hundreds digit of 379?
3
What is the ten thousands digit of 74822?
7
What is the units digit of 739?
9
What is the hundreds digit of 46693?
6
What is the tens digit of 18981?
8
What is the tens digit of 16948?
4
What is the tens digit of 14220?
2
What is the units digit of 2136?
6
What is the ten thousands digit of 71395?
7
What is the tens digit of 90527?
2
What is the units digit of 4128?
8
What is the thousands digit of 90321?
0
What is the tens digit of 3737?
3
What is the tens digit of 3566?
6
What is the hundreds digit of 23182?
1
What is the tens digit of 808?
0
What is the units digit of 2808?
8
What is the tens digit of 31444?
4
What is the tens digit of 6763?
6
What is the thousands digit of 53788?
3
What is the thousands digit of 18635?
8
What is the thousands digit of 33663?
3
What is the thousands digit of 2793?
2
What is the hundreds digit of 380?
3
What is the units digit of 70?
0
What is the hundred